{"id":7,"date":"2025-12-01T10:53:30","date_gmt":"2025-12-01T10:53:30","guid":{"rendered":"http:\/\/ppa5.batera.fr\/?page_id=7"},"modified":"2025-12-04T11:38:37","modified_gmt":"2025-12-04T11:38:37","slug":"nos-expertises-agence-communication-festivals","status":"publish","type":"page","link":"https:\/\/ppa5.batera.fr\/index.php\/nos-expertises-agence-communication-festivals\/","title":{"rendered":"Nos expertises"},"content":{"rendered":"\n<figure class=\"wp-block-pullquote\"><blockquote><p><\/p><\/blockquote><\/figure>\n\n\n\n<div class=\"wp-block-columns is-layout-flex wp-container-core-columns-is-layout-28f84493 wp-block-columns-is-layout-flex\">\n<div class=\"wp-block-column is-layout-flow wp-block-column-is-layout-flow\"><\/div>\n\n\n\n<div class=\"wp-block-column is-layout-flow wp-block-column-is-layout-flow\"><\/div>\n\n\n\n<div class=\"wp-block-column is-layout-flow wp-block-column-is-layout-flow\"><\/div>\n<\/div>\n","protected":false},"excerpt":{"rendered":"","protected":false},"author":1,"featured_media":0,"parent":0,"menu_order":0,"comment_status":"closed","ping_status":"closed","template":"","meta":{"footnotes":""},"class_list":["post-7","page","type-page","status-publish","hentry"],"yoast_head":"<!-- This site is optimized with the Yoast SEO plugin v26.4 - https:\/\/yoast.com\/wordpress\/plugins\/seo\/ -->\n<title>Nos expertises \u2013 Agence de communication pour festivals | BACKSTAGE<\/title>\n<meta name=\"description\" content=\"BACKSTAGE accompagne festivals et \u00e9v\u00e9nements musicaux : strat\u00e9gie, community management, contenus et production pour marquer les esprits.\" \/>\n<meta name=\"robots\" content=\"index, follow, max-snippet:-1, max-image-preview:large, max-video-preview:-1\" \/>\n<link rel=\"canonical\" href=\"https:\/\/ppa5.batera.fr\/index.php\/nos-expertises-agence-communication-festivals\/\" \/>\n<meta property=\"og:locale\" content=\"fr_FR\" \/>\n<meta property=\"og:type\" content=\"article\" \/>\n<meta property=\"og:title\" content=\"Nos expertises \u2013 Agence de communication pour festivals | BACKSTAGE\" \/>\n<meta property=\"og:description\" content=\"BACKSTAGE accompagne festivals et \u00e9v\u00e9nements musicaux : strat\u00e9gie, community management, contenus et production pour marquer les esprits.\" \/>\n<meta property=\"og:url\" content=\"https:\/\/ppa5.batera.fr\/index.php\/nos-expertises-agence-communication-festivals\/\" \/>\n<meta property=\"og:site_name\" content=\"BACKSTAGE\" \/>\n<meta property=\"article:modified_time\" content=\"2025-12-04T11:38:37+00:00\" \/>\n<meta name=\"twitter:card\" content=\"summary_large_image\" \/>\n<script type=\"application\/ld+json\" class=\"yoast-schema-graph\">{\"@context\":\"https:\/\/schema.org\",\"@graph\":[{\"@type\":\"WebPage\",\"@id\":\"https:\/\/ppa5.batera.fr\/index.php\/nos-expertises-agence-communication-festivals\/\",\"url\":\"https:\/\/ppa5.batera.fr\/index.php\/nos-expertises-agence-communication-festivals\/\",\"name\":\"Nos expertises \u2013 Agence de communication pour festivals | BACKSTAGE\",\"isPartOf\":{\"@id\":\"https:\/\/ppa5.batera.fr\/#website\"},\"datePublished\":\"2025-12-01T10:53:30+00:00\",\"dateModified\":\"2025-12-04T11:38:37+00:00\",\"description\":\"BACKSTAGE accompagne festivals et \u00e9v\u00e9nements musicaux : strat\u00e9gie, community management, contenus et production pour marquer les esprits.\",\"breadcrumb\":{\"@id\":\"https:\/\/ppa5.batera.fr\/index.php\/nos-expertises-agence-communication-festivals\/#breadcrumb\"},\"inLanguage\":\"fr-FR\",\"potentialAction\":[{\"@type\":\"ReadAction\",\"target\":[\"https:\/\/ppa5.batera.fr\/index.php\/nos-expertises-agence-communication-festivals\/\"]}]},{\"@type\":\"BreadcrumbList\",\"@id\":\"https:\/\/ppa5.batera.fr\/index.php\/nos-expertises-agence-communication-festivals\/#breadcrumb\",\"itemListElement\":[{\"@type\":\"ListItem\",\"position\":1,\"name\":\"Accueil\",\"item\":\"https:\/\/ppa5.batera.fr\/\"},{\"@type\":\"ListItem\",\"position\":2,\"name\":\"Nos expertises\"}]},{\"@type\":\"WebSite\",\"@id\":\"https:\/\/ppa5.batera.fr\/#website\",\"url\":\"https:\/\/ppa5.batera.fr\/\",\"name\":\"BACKSTAGE\",\"description\":\"Tout se joue en coulisses\",\"publisher\":{\"@id\":\"https:\/\/ppa5.batera.fr\/#organization\"},\"potentialAction\":[{\"@type\":\"SearchAction\",\"target\":{\"@type\":\"EntryPoint\",\"urlTemplate\":\"https:\/\/ppa5.batera.fr\/?s={search_term_string}\"},\"query-input\":{\"@type\":\"PropertyValueSpecification\",\"valueRequired\":true,\"valueName\":\"search_term_string\"}}],\"inLanguage\":\"fr-FR\"},{\"@type\":\"Organization\",\"@id\":\"https:\/\/ppa5.batera.fr\/#organization\",\"name\":\"BACKSTAGE\",\"url\":\"https:\/\/ppa5.batera.fr\/\",\"logo\":{\"@type\":\"ImageObject\",\"inLanguage\":\"fr-FR\",\"@id\":\"https:\/\/ppa5.batera.fr\/#\/schema\/logo\/image\/\",\"url\":\"https:\/\/ppa5.batera.fr\/wp-content\/uploads\/2025\/12\/cropped-backstage-logo.png\",\"contentUrl\":\"https:\/\/ppa5.batera.fr\/wp-content\/uploads\/2025\/12\/cropped-backstage-logo.png\",\"width\":550,\"height\":157,\"caption\":\"BACKSTAGE\"},\"image\":{\"@id\":\"https:\/\/ppa5.batera.fr\/#\/schema\/logo\/image\/\"}}]}<\/script>\n<!-- \/ Yoast SEO plugin. -->","yoast_head_json":{"title":"Nos expertises \u2013 Agence de communication pour festivals | BACKSTAGE","description":"BACKSTAGE accompagne festivals et \u00e9v\u00e9nements musicaux : strat\u00e9gie, community management, contenus et production pour marquer les esprits.","robots":{"index":"index","follow":"follow","max-snippet":"max-snippet:-1","max-image-preview":"max-image-preview:large","max-video-preview":"max-video-preview:-1"},"canonical":"https:\/\/ppa5.batera.fr\/index.php\/nos-expertises-agence-communication-festivals\/","og_locale":"fr_FR","og_type":"article","og_title":"Nos expertises \u2013 Agence de communication pour festivals | BACKSTAGE","og_description":"BACKSTAGE accompagne festivals et \u00e9v\u00e9nements musicaux : strat\u00e9gie, community management, contenus et production pour marquer les esprits.","og_url":"https:\/\/ppa5.batera.fr\/index.php\/nos-expertises-agence-communication-festivals\/","og_site_name":"BACKSTAGE","article_modified_time":"2025-12-04T11:38:37+00:00","twitter_card":"summary_large_image","schema":{"@context":"https:\/\/schema.org","@graph":[{"@type":"WebPage","@id":"https:\/\/ppa5.batera.fr\/index.php\/nos-expertises-agence-communication-festivals\/","url":"https:\/\/ppa5.batera.fr\/index.php\/nos-expertises-agence-communication-festivals\/","name":"Nos expertises \u2013 Agence de communication pour festivals | BACKSTAGE","isPartOf":{"@id":"https:\/\/ppa5.batera.fr\/#website"},"datePublished":"2025-12-01T10:53:30+00:00","dateModified":"2025-12-04T11:38:37+00:00","description":"BACKSTAGE accompagne festivals et \u00e9v\u00e9nements musicaux : strat\u00e9gie, community management, contenus et production pour marquer les esprits.","breadcrumb":{"@id":"https:\/\/ppa5.batera.fr\/index.php\/nos-expertises-agence-communication-festivals\/#breadcrumb"},"inLanguage":"fr-FR","potentialAction":[{"@type":"ReadAction","target":["https:\/\/ppa5.batera.fr\/index.php\/nos-expertises-agence-communication-festivals\/"]}]},{"@type":"BreadcrumbList","@id":"https:\/\/ppa5.batera.fr\/index.php\/nos-expertises-agence-communication-festivals\/#breadcrumb","itemListElement":[{"@type":"ListItem","position":1,"name":"Accueil","item":"https:\/\/ppa5.batera.fr\/"},{"@type":"ListItem","position":2,"name":"Nos expertises"}]},{"@type":"WebSite","@id":"https:\/\/ppa5.batera.fr\/#website","url":"https:\/\/ppa5.batera.fr\/","name":"BACKSTAGE","description":"Tout se joue en coulisses","publisher":{"@id":"https:\/\/ppa5.batera.fr\/#organization"},"potentialAction":[{"@type":"SearchAction","target":{"@type":"EntryPoint","urlTemplate":"https:\/\/ppa5.batera.fr\/?s={search_term_string}"},"query-input":{"@type":"PropertyValueSpecification","valueRequired":true,"valueName":"search_term_string"}}],"inLanguage":"fr-FR"},{"@type":"Organization","@id":"https:\/\/ppa5.batera.fr\/#organization","name":"BACKSTAGE","url":"https:\/\/ppa5.batera.fr\/","logo":{"@type":"ImageObject","inLanguage":"fr-FR","@id":"https:\/\/ppa5.batera.fr\/#\/schema\/logo\/image\/","url":"https:\/\/ppa5.batera.fr\/wp-content\/uploads\/2025\/12\/cropped-backstage-logo.png","contentUrl":"https:\/\/ppa5.batera.fr\/wp-content\/uploads\/2025\/12\/cropped-backstage-logo.png","width":550,"height":157,"caption":"BACKSTAGE"},"image":{"@id":"https:\/\/ppa5.batera.fr\/#\/schema\/logo\/image\/"}}]}},"_links":{"self":[{"href":"https:\/\/ppa5.batera.fr\/index.php\/wp-json\/wp\/v2\/pages\/7","targetHints":{"allow":["GET"]}}],"collection":[{"href":"https:\/\/ppa5.batera.fr\/index.php\/wp-json\/wp\/v2\/pages"}],"about":[{"href":"https:\/\/ppa5.batera.fr\/index.php\/wp-json\/wp\/v2\/types\/page"}],"author":[{"embeddable":true,"href":"https:\/\/ppa5.batera.fr\/index.php\/wp-json\/wp\/v2\/users\/1"}],"replies":[{"embeddable":true,"href":"https:\/\/ppa5.batera.fr\/index.php\/wp-json\/wp\/v2\/comments?post=7"}],"version-history":[{"count":2,"href":"https:\/\/ppa5.batera.fr\/index.php\/wp-json\/wp\/v2\/pages\/7\/revisions"}],"predecessor-version":[{"id":474,"href":"https:\/\/ppa5.batera.fr\/index.php\/wp-json\/wp\/v2\/pages\/7\/revisions\/474"}],"wp:attachment":[{"href":"https:\/\/ppa5.batera.fr\/index.php\/wp-json\/wp\/v2\/media?parent=7"}],"curies":[{"name":"wp","href":"https:\/\/api.w.org\/{rel}","templated":true}]}}